{"id":13,"date":"2025-06-13T06:15:54","date_gmt":"2025-06-13T06:15:54","guid":{"rendered":"https:\/\/imap4u.webs.upv.es\/?page_id=13"},"modified":"2025-10-26T17:39:57","modified_gmt":"2025-10-26T17:39:57","slug":"attendees","status":"publish","type":"page","link":"https:\/\/imap4u.webs.upv.es\/?page_id=13","title":{"rendered":"Attendees"},"content":{"rendered":"\t\t<div data-elementor-type=\"wp-page\" data-elementor-id=\"13\" class=\"elementor elementor-13\">\n\t\t\t\t<div class=\"elementor-element elementor-element-04186fa e-flex e-con-boxed wpr-particle-no wpr-jarallax-no wpr-parallax-no wpr-sticky-section-no e-con e-parent\" data-id=\"04186fa\" data-element_type=\"container\">\n\t\t\t\t\t<div class=\"e-con-inner\">\n\t\t\t\t<div class=\"elementor-element elementor-element-4911bba elementor-widget elementor-widget-text-editor\" data-id=\"4911bba\" data-element_type=\"widget\" data-widget_type=\"text-editor.default\">\n\t\t\t\t<div class=\"elementor-widget-container\">\n\t\t\t\t\t\t\t\t\t<ul><li><strong>CASPHE (Czech Republic)<\/strong><ul><li><strong>Jan BESEDA<\/strong><\/li><li><strong>Lenka VASKOVA\u00a0<\/strong><\/li><\/ul><\/li><\/ul><ul><li><strong>SUMY STATE UNIVERSITY (Ukraine)<\/strong><ul><li><strong> Oksana ZAMORA<\/strong><\/li><li><strong>Olha LIUTA<\/strong><\/li><\/ul><\/li><\/ul><ul><li><strong>HITIT UNIVERSITY (Turkey)<\/strong><ul><li><strong>Mustafa SEYREK<\/strong><\/li><li><strong>Ali \u00d6ZTURK<\/strong><\/li><li><strong>Meryem YAL\u00c7INKAYA<\/strong><\/li><li><strong>Mustafa AKCA<\/strong><\/li><li><strong>E\u015fref SAVAS BASCI<\/strong><\/li><\/ul><\/li><\/ul><ul><li><strong>KASTAMONU UNIVERSITY (Turkey)<\/strong><ul><li><strong>Ali VASFI A\u011eLARC\u00a0<\/strong><\/li><li><strong>Nesrin \u0130\u00c7L\u0130<\/strong><\/li><\/ul><\/li><\/ul><ul><li><strong>UNIVERSITAT POLITECNICA DE VALENCIA (Spain)<\/strong><ul><li><strong>Milagros BRAVO SELLES<\/strong><\/li><li><strong>Elena PEREZ BERNABEU<\/strong><\/li><li><strong>Ana Isabel PEREZ MOLINA\u00a0<\/strong><\/li><li><strong>Raquel SANCHIS GISBERT<\/strong><\/li><li><strong>Miguel \u00c1ngel SELLES CANTO<\/strong><\/li><\/ul><\/li><\/ul>\t\t\t\t\t\t\t\t<\/div>\n\t\t\t\t<\/div>\n\t\t\t\t\t<\/div>\n\t\t\t\t<\/div>\n\t\t\t\t<\/div>\n\t\t","protected":false},"excerpt":{"rendered":"<p>CASPHE (Czech Republic) Jan BESEDA Lenka VASKOVA\u00a0 SUMY STATE UNIVERSITY (Ukraine) Oksana ZAMORA Olha LIUTA HITIT UNIVERSITY (Turkey) Mustafa SEYREK Ali \u00d6ZTURK Meryem YAL\u00c7INKAYA Mustafa AKCA E\u015fref SAVAS BASCI KASTAMONU UNIVERSITY (Turkey) Ali VASFI A\u011eLARC\u00a0 Nesrin \u0130\u00c7L\u0130 UNIVERSITAT POLITECNICA DE VALENCIA (Spain) Milagros BRAVO SELLES Elena PEREZ BERNABEU Ana Isabel PEREZ MOLINA\u00a0 Raquel SANCHIS GISBERT Miguel \u00c1ngel SELLES CANTO<\/p>\n","protected":false},"author":1,"featured_media":0,"parent":2,"menu_order":0,"comment_status":"closed","ping_status":"closed","template":"","meta":{"footnotes":""},"class_list":["post-13","page","type-page","status-publish","hentry"],"_links":{"self":[{"href":"https:\/\/imap4u.webs.upv.es\/index.php?rest_route=\/wp\/v2\/pages\/13","targetHints":{"allow":["GET"]}}],"collection":[{"href":"https:\/\/imap4u.webs.upv.es\/index.php?rest_route=\/wp\/v2\/pages"}],"about":[{"href":"https:\/\/imap4u.webs.upv.es\/index.php?rest_route=\/wp\/v2\/types\/page"}],"author":[{"embeddable":true,"href":"https:\/\/imap4u.webs.upv.es\/index.php?rest_route=\/wp\/v2\/users\/1"}],"replies":[{"embeddable":true,"href":"https:\/\/imap4u.webs.upv.es\/index.php?rest_route=%2Fwp%2Fv2%2Fcomments&post=13"}],"version-history":[{"count":19,"href":"https:\/\/imap4u.webs.upv.es\/index.php?rest_route=\/wp\/v2\/pages\/13\/revisions"}],"predecessor-version":[{"id":413,"href":"https:\/\/imap4u.webs.upv.es\/index.php?rest_route=\/wp\/v2\/pages\/13\/revisions\/413"}],"up":[{"embeddable":true,"href":"https:\/\/imap4u.webs.upv.es\/index.php?rest_route=\/wp\/v2\/pages\/2"}],"wp:attachment":[{"href":"https:\/\/imap4u.webs.upv.es\/index.php?rest_route=%2Fwp%2Fv2%2Fmedia&parent=13"}],"curies":[{"name":"wp","href":"https:\/\/api.w.org\/{rel}","templated":true}]}}